{"id":1499,"date":"2022-05-10T11:53:28","date_gmt":"2022-05-10T09:53:28","guid":{"rendered":"https:\/\/geska.brandneu.ch\/recipe\/tarte-flambee-aux-legumes-et-au-feta-schabziger\/"},"modified":"2022-06-23T13:08:14","modified_gmt":"2022-06-23T11:08:14","slug":"tarte-flambee-aux-legumes-et-au-feta-schabziger","status":"publish","type":"recipe","link":"https:\/\/schabziger.ch\/fr\/recipe\/tarte-flambee-aux-legumes-et-au-feta-schabziger\/","title":{"rendered":"Tarte flamb\u00e9e aux l\u00e9gumes et au feta schabziger"},"content":{"rendered":"\n<h3 class=\"wp-block-heading\">Ingr\u00e9dients pour 4 personnes<\/h3>\n\n<div style=\"height:16px\" aria-hidden=\"true\" class=\"wp-block-spacer\"><\/div>\n\n<ul class=\"wp-block-list\"><li>1 p\u00e2te feuillet\u00e9e abaiss\u00e9e en rond<\/li><\/ul>\n<div style=\"height:8px\" aria-hidden=\"true\" class=\"wp-block-spacer\"><\/div>\n\n<h4 class=\"wp-block-heading\">Remplissage<\/h4>\n\n<ul class=\"wp-block-list\"><li>1 \u0153uf<\/li><li>1 1\/2 dl\/150 ml de lait<\/li><li>2 dl\/200 ml de cr\u00e8me\/cr\u00e8me<\/li><li>2 cuill\u00e8res \u00e0 soupe de farine<\/li><li>100 g de fromage r\u00e2p\u00e9, p. ex. moiti\u00e9 gruy\u00e8re, moiti\u00e9 appenzeller<\/li><li>50 g de schabziger r\u00e2p\u00e9<\/li><li>sel, poivre, noix de muscade<\/li><li>2-3 brins de marjolaine, feuilles effeuill\u00e9es<\/li><li>1-2 tomates, en fines tranches<\/li><\/ul>\n<div style=\"height:48px\" aria-hidden=\"true\" class=\"wp-block-spacer\"><\/div>\n\n<h3 class=\"wp-block-heading\">Voici comment proc\u00e9der<\/h3>\n\n<ol class=\"wp-block-list\"><li>Pour la farce, battre l&rsquo;\u0153uf, le lait et la cr\u00e8me, incorporer la farine, le fromage et le schabziger, assaisonner, incorporer les feuilles de marjolaine.<\/li><li>Pr\u00e9chauffez le four \u00e0 230 \u00b0C.<\/li><li>Placer la p\u00e2te feuillet\u00e9e dans le moule, la piquer plusieurs fois avec une fourchette. R\u00e9partir la masse de fromage sur le fond de p\u00e2te. Recouvrir de tranches de tomates.<\/li><li>Enfourner la tarte au fromage et au s\u00e9rac sur le deuxi\u00e8me gradin \u00e0 partir d&rsquo;en bas et la faire cuire \u00e0 230 \u00b0C pendant 15 \u00e0 20 minutes.<\/li><\/ol>","protected":false},"excerpt":{"rendered":"<p>Ingr\u00e9dients pour 4 personnes 1 p\u00e2te feuillet\u00e9e abaiss\u00e9e en rond Remplissage 1 \u0153uf 1 1\/2 dl\/150 ml de lait 2 dl\/200 ml de cr\u00e8me\/cr\u00e8me 2 cuill\u00e8res \u00e0 soupe de farine 100 g de fromage r\u00e2p\u00e9, p. ex. moiti\u00e9 gruy\u00e8re, moiti\u00e9 appenzeller 50 g de schabziger r\u00e2p\u00e9 sel, poivre, noix de muscade 2-3 brins de marjolaine, [&hellip;]<\/p>\n","protected":false},"featured_media":1162,"template":"","categories":[1],"class_list":["post-1499","recipe","type-recipe","status-publish","has-post-thumbnail","hentry","category-zibu"],"acf":[],"yoast_head":"<!-- This site is optimized with the Yoast SEO plugin v27.5 - https:\/\/yoast.com\/product\/yoast-seo-wordpress\/ -->\n<title>Tarte flamb\u00e9e aux l\u00e9gumes et au feta schabziger - Schabziger<\/title>\n<meta name=\"robots\" content=\"index, follow, max-snippet:-1, max-image-preview:large, max-video-preview:-1\" \/>\n<link rel=\"canonical\" href=\"https:\/\/schabziger.ch\/fr\/recipe\/tarte-flambee-aux-legumes-et-au-feta-schabziger\/\" \/>\n<meta property=\"og:locale\" content=\"fr_FR\" \/>\n<meta property=\"og:type\" content=\"article\" \/>\n<meta property=\"og:title\" content=\"Tarte flamb\u00e9e aux l\u00e9gumes et au feta schabziger - Schabziger\" \/>\n<meta property=\"og:description\" content=\"Ingr\u00e9dients pour 4 personnes 1 p\u00e2te feuillet\u00e9e abaiss\u00e9e en rond Remplissage 1 \u0153uf 1 1\/2 dl\/150 ml de lait 2 dl\/200 ml de cr\u00e8me\/cr\u00e8me 2 cuill\u00e8res \u00e0 soupe de farine 100 g de fromage r\u00e2p\u00e9, p. ex. moiti\u00e9 gruy\u00e8re, moiti\u00e9 appenzeller 50 g de schabziger r\u00e2p\u00e9 sel, poivre, noix de muscade 2-3 brins de marjolaine, [&hellip;]\" \/>\n<meta property=\"og:url\" content=\"https:\/\/schabziger.ch\/fr\/recipe\/tarte-flambee-aux-legumes-et-au-feta-schabziger\/\" \/>\n<meta property=\"og:site_name\" content=\"Schabziger\" \/>\n<meta property=\"article:modified_time\" content=\"2022-06-23T11:08:14+00:00\" \/>\n<meta property=\"og:image\" content=\"https:\/\/schabziger.ch\/wp-content\/uploads\/2022\/05\/rezepte_flammkuchen.jpg\" \/>\n\t<meta property=\"og:image:width\" content=\"800\" \/>\n\t<meta property=\"og:image:height\" content=\"1067\" \/>\n\t<meta property=\"og:image:type\" content=\"image\/jpeg\" \/>\n<meta name=\"twitter:card\" content=\"summary_large_image\" \/>\n<meta name=\"twitter:label1\" content=\"Dur\u00e9e de lecture estim\u00e9e\" \/>\n\t<meta name=\"twitter:data1\" content=\"1 minute\" \/>\n<script type=\"application\/ld+json\" class=\"yoast-schema-graph\">{\"@context\":\"https:\\\/\\\/schema.org\",\"@graph\":[{\"@type\":\"WebPage\",\"@id\":\"https:\\\/\\\/schabziger.ch\\\/fr\\\/recipe\\\/tarte-flambee-aux-legumes-et-au-feta-schabziger\\\/\",\"url\":\"https:\\\/\\\/schabziger.ch\\\/fr\\\/recipe\\\/tarte-flambee-aux-legumes-et-au-feta-schabziger\\\/\",\"name\":\"Tarte flamb\u00e9e aux l\u00e9gumes et au feta schabziger - Schabziger\",\"isPartOf\":{\"@id\":\"https:\\\/\\\/schabziger.ch\\\/fr\\\/#website\"},\"primaryImageOfPage\":{\"@id\":\"https:\\\/\\\/schabziger.ch\\\/fr\\\/recipe\\\/tarte-flambee-aux-legumes-et-au-feta-schabziger\\\/#primaryimage\"},\"image\":{\"@id\":\"https:\\\/\\\/schabziger.ch\\\/fr\\\/recipe\\\/tarte-flambee-aux-legumes-et-au-feta-schabziger\\\/#primaryimage\"},\"thumbnailUrl\":\"https:\\\/\\\/schabziger.ch\\\/wp-content\\\/uploads\\\/2022\\\/05\\\/rezepte_flammkuchen.jpg\",\"datePublished\":\"2022-05-10T09:53:28+00:00\",\"dateModified\":\"2022-06-23T11:08:14+00:00\",\"breadcrumb\":{\"@id\":\"https:\\\/\\\/schabziger.ch\\\/fr\\\/recipe\\\/tarte-flambee-aux-legumes-et-au-feta-schabziger\\\/#breadcrumb\"},\"inLanguage\":\"fr-FR\",\"potentialAction\":[{\"@type\":\"ReadAction\",\"target\":[\"https:\\\/\\\/schabziger.ch\\\/fr\\\/recipe\\\/tarte-flambee-aux-legumes-et-au-feta-schabziger\\\/\"]}]},{\"@type\":\"ImageObject\",\"inLanguage\":\"fr-FR\",\"@id\":\"https:\\\/\\\/schabziger.ch\\\/fr\\\/recipe\\\/tarte-flambee-aux-legumes-et-au-feta-schabziger\\\/#primaryimage\",\"url\":\"https:\\\/\\\/schabziger.ch\\\/wp-content\\\/uploads\\\/2022\\\/05\\\/rezepte_flammkuchen.jpg\",\"contentUrl\":\"https:\\\/\\\/schabziger.ch\\\/wp-content\\\/uploads\\\/2022\\\/05\\\/rezepte_flammkuchen.jpg\",\"width\":800,\"height\":1067},{\"@type\":\"BreadcrumbList\",\"@id\":\"https:\\\/\\\/schabziger.ch\\\/fr\\\/recipe\\\/tarte-flambee-aux-legumes-et-au-feta-schabziger\\\/#breadcrumb\",\"itemListElement\":[{\"@type\":\"ListItem\",\"position\":1,\"name\":\"Startseite\",\"item\":\"https:\\\/\\\/schabziger.ch\\\/fr\\\/\"},{\"@type\":\"ListItem\",\"position\":2,\"name\":\"Rezept\",\"item\":\"https:\\\/\\\/schabziger.ch\\\/fr\\\/recipe\\\/\"},{\"@type\":\"ListItem\",\"position\":3,\"name\":\"Tarte flamb\u00e9e aux l\u00e9gumes et au feta schabziger\"}]},{\"@type\":\"WebSite\",\"@id\":\"https:\\\/\\\/schabziger.ch\\\/fr\\\/#website\",\"url\":\"https:\\\/\\\/schabziger.ch\\\/fr\\\/\",\"name\":\"Schabziger\",\"description\":\"Uurw\u00fcrzig guet\",\"potentialAction\":[{\"@type\":\"SearchAction\",\"target\":{\"@type\":\"EntryPoint\",\"urlTemplate\":\"https:\\\/\\\/schabziger.ch\\\/fr\\\/?s={search_term_string}\"},\"query-input\":{\"@type\":\"PropertyValueSpecification\",\"valueRequired\":true,\"valueName\":\"search_term_string\"}}],\"inLanguage\":\"fr-FR\"}]}<\/script>\n<!-- \/ Yoast SEO plugin. -->","yoast_head_json":{"title":"Tarte flamb\u00e9e aux l\u00e9gumes et au feta schabziger - Schabziger","robots":{"index":"index","follow":"follow","max-snippet":"max-snippet:-1","max-image-preview":"max-image-preview:large","max-video-preview":"max-video-preview:-1"},"canonical":"https:\/\/schabziger.ch\/fr\/recipe\/tarte-flambee-aux-legumes-et-au-feta-schabziger\/","og_locale":"fr_FR","og_type":"article","og_title":"Tarte flamb\u00e9e aux l\u00e9gumes et au feta schabziger - Schabziger","og_description":"Ingr\u00e9dients pour 4 personnes 1 p\u00e2te feuillet\u00e9e abaiss\u00e9e en rond Remplissage 1 \u0153uf 1 1\/2 dl\/150 ml de lait 2 dl\/200 ml de cr\u00e8me\/cr\u00e8me 2 cuill\u00e8res \u00e0 soupe de farine 100 g de fromage r\u00e2p\u00e9, p. ex. moiti\u00e9 gruy\u00e8re, moiti\u00e9 appenzeller 50 g de schabziger r\u00e2p\u00e9 sel, poivre, noix de muscade 2-3 brins de marjolaine, [&hellip;]","og_url":"https:\/\/schabziger.ch\/fr\/recipe\/tarte-flambee-aux-legumes-et-au-feta-schabziger\/","og_site_name":"Schabziger","article_modified_time":"2022-06-23T11:08:14+00:00","og_image":[{"width":800,"height":1067,"url":"https:\/\/schabziger.ch\/wp-content\/uploads\/2022\/05\/rezepte_flammkuchen.jpg","type":"image\/jpeg"}],"twitter_card":"summary_large_image","twitter_misc":{"Dur\u00e9e de lecture estim\u00e9e":"1 minute"},"schema":{"@context":"https:\/\/schema.org","@graph":[{"@type":"WebPage","@id":"https:\/\/schabziger.ch\/fr\/recipe\/tarte-flambee-aux-legumes-et-au-feta-schabziger\/","url":"https:\/\/schabziger.ch\/fr\/recipe\/tarte-flambee-aux-legumes-et-au-feta-schabziger\/","name":"Tarte flamb\u00e9e aux l\u00e9gumes et au feta schabziger - Schabziger","isPartOf":{"@id":"https:\/\/schabziger.ch\/fr\/#website"},"primaryImageOfPage":{"@id":"https:\/\/schabziger.ch\/fr\/recipe\/tarte-flambee-aux-legumes-et-au-feta-schabziger\/#primaryimage"},"image":{"@id":"https:\/\/schabziger.ch\/fr\/recipe\/tarte-flambee-aux-legumes-et-au-feta-schabziger\/#primaryimage"},"thumbnailUrl":"https:\/\/schabziger.ch\/wp-content\/uploads\/2022\/05\/rezepte_flammkuchen.jpg","datePublished":"2022-05-10T09:53:28+00:00","dateModified":"2022-06-23T11:08:14+00:00","breadcrumb":{"@id":"https:\/\/schabziger.ch\/fr\/recipe\/tarte-flambee-aux-legumes-et-au-feta-schabziger\/#breadcrumb"},"inLanguage":"fr-FR","potentialAction":[{"@type":"ReadAction","target":["https:\/\/schabziger.ch\/fr\/recipe\/tarte-flambee-aux-legumes-et-au-feta-schabziger\/"]}]},{"@type":"ImageObject","inLanguage":"fr-FR","@id":"https:\/\/schabziger.ch\/fr\/recipe\/tarte-flambee-aux-legumes-et-au-feta-schabziger\/#primaryimage","url":"https:\/\/schabziger.ch\/wp-content\/uploads\/2022\/05\/rezepte_flammkuchen.jpg","contentUrl":"https:\/\/schabziger.ch\/wp-content\/uploads\/2022\/05\/rezepte_flammkuchen.jpg","width":800,"height":1067},{"@type":"BreadcrumbList","@id":"https:\/\/schabziger.ch\/fr\/recipe\/tarte-flambee-aux-legumes-et-au-feta-schabziger\/#breadcrumb","itemListElement":[{"@type":"ListItem","position":1,"name":"Startseite","item":"https:\/\/schabziger.ch\/fr\/"},{"@type":"ListItem","position":2,"name":"Rezept","item":"https:\/\/schabziger.ch\/fr\/recipe\/"},{"@type":"ListItem","position":3,"name":"Tarte flamb\u00e9e aux l\u00e9gumes et au feta schabziger"}]},{"@type":"WebSite","@id":"https:\/\/schabziger.ch\/fr\/#website","url":"https:\/\/schabziger.ch\/fr\/","name":"Schabziger","description":"Uurw\u00fcrzig guet","potentialAction":[{"@type":"SearchAction","target":{"@type":"EntryPoint","urlTemplate":"https:\/\/schabziger.ch\/fr\/?s={search_term_string}"},"query-input":{"@type":"PropertyValueSpecification","valueRequired":true,"valueName":"search_term_string"}}],"inLanguage":"fr-FR"}]}},"_links":{"self":[{"href":"https:\/\/schabziger.ch\/fr\/wp-json\/wp\/v2\/recipe\/1499","targetHints":{"allow":["GET"]}}],"collection":[{"href":"https:\/\/schabziger.ch\/fr\/wp-json\/wp\/v2\/recipe"}],"about":[{"href":"https:\/\/schabziger.ch\/fr\/wp-json\/wp\/v2\/types\/recipe"}],"version-history":[{"count":1,"href":"https:\/\/schabziger.ch\/fr\/wp-json\/wp\/v2\/recipe\/1499\/revisions"}],"predecessor-version":[{"id":1505,"href":"https:\/\/schabziger.ch\/fr\/wp-json\/wp\/v2\/recipe\/1499\/revisions\/1505"}],"wp:featuredmedia":[{"embeddable":true,"href":"https:\/\/schabziger.ch\/fr\/wp-json\/wp\/v2\/media\/1162"}],"wp:attachment":[{"href":"https:\/\/schabziger.ch\/fr\/wp-json\/wp\/v2\/media?parent=1499"}],"wp:term":[{"taxonomy":"category","embeddable":true,"href":"https:\/\/schabziger.ch\/fr\/wp-json\/wp\/v2\/categories?post=1499"}],"curies":[{"name":"wp","href":"https:\/\/api.w.org\/{rel}","templated":true}]}}

Tarte flambée aux légumes et au feta schabziger

<h3 class="wp-block-heading">Ingrédients pour 4 personnes</h3>

<div style="height:16px" aria-hidden="true" class="wp-block-spacer"></div>

<ul class="wp-block-list"><li>1 pâte feuilletée abaissée en rond</li></ul>
<div style="height:8px" aria-hidden="true" class="wp-block-spacer"></div>

<h4 class="wp-block-heading">Remplissage</h4>

<ul class="wp-block-list"><li>1 œuf</li><li>1 1/2 dl/150 ml de lait</li><li>2 dl/200 ml de crème/crème</li><li>2 cuillères à soupe de farine</li><li>100 g de fromage râpé, p. ex. moitié gruyère, moitié appenzeller</li><li>50 g de schabziger râpé</li><li>sel, poivre, noix de muscade</li><li>2-3 brins de marjolaine, feuilles effeuillées</li><li>1-2 tomates, en fines tranches</li></ul>
<div style="height:48px" aria-hidden="true" class="wp-block-spacer"></div>

<h3 class="wp-block-heading">Voici comment procéder</h3>

<ol class="wp-block-list"><li>Pour la farce, battre l&rsquo;œuf, le lait et la crème, incorporer la farine, le fromage et le schabziger, assaisonner, incorporer les feuilles de marjolaine.</li><li>Préchauffez le four à 230 °C.</li><li>Placer la pâte feuilletée dans le moule, la piquer plusieurs fois avec une fourchette. Répartir la masse de fromage sur le fond de pâte. Recouvrir de tranches de tomates.</li><li>Enfourner la tarte au fromage et au sérac sur le deuxième gradin à partir d&rsquo;en bas et la faire cuire à 230 °C pendant 15 à 20 minutes.</li></ol>

<p>Ingrédients pour 4 personnes 1 pâte feuilletée abaissée en rond Remplissage 1 œuf 1 1/2 dl/150 ml de lait 2 dl/200 ml de crème/crème 2 cuillères à soupe de farine 100 g de fromage râpé, p. ex. moitié gruyère, moitié appenzeller 50 g de schabziger râpé sel, poivre, noix de muscade 2-3 brins de marjolaine, [&hellip;]</p>

<!-- This site is optimized with the Yoast SEO plugin v27.5 - https://yoast.com/product/yoast-seo-wordpress/ -->
<title>Tarte flambée aux légumes et au feta schabziger - Schabziger</title>
<meta name="robots" content="index, follow, max-snippet:-1, max-image-preview:large, max-video-preview:-1" />
<link rel="canonical" href="https://schabziger.ch/fr/recipe/tarte-flambee-aux-legumes-et-au-feta-schabziger/" />
<meta property="og:locale" content="fr_FR" />
<meta property="og:type" content="article" />
<meta property="og:title" content="Tarte flambée aux légumes et au feta schabziger - Schabziger" />
<meta property="og:description" content="Ingrédients pour 4 personnes 1 pâte feuilletée abaissée en rond Remplissage 1 œuf 1 1/2 dl/150 ml de lait 2 dl/200 ml de crème/crème 2 cuillères à soupe de farine 100 g de fromage râpé, p. ex. moitié gruyère, moitié appenzeller 50 g de schabziger râpé sel, poivre, noix de muscade 2-3 brins de marjolaine, [&hellip;]" />
<meta property="og:url" content="https://schabziger.ch/fr/recipe/tarte-flambee-aux-legumes-et-au-feta-schabziger/" />
<meta property="og:site_name" content="Schabziger" />
<meta property="article:modified_time" content="2022-06-23T11:08:14+00:00" />
<meta property="og:image" content="https://schabziger.ch/wp-content/uploads/2022/05/rezepte_flammkuchen.jpg" />
	<meta property="og:image:width" content="800" />
	<meta property="og:image:height" content="1067" />
	<meta property="og:image:type" content="image/jpeg" />
<meta name="twitter:card" content="summary_large_image" />
<meta name="twitter:label1" content="Durée de lecture estimée" />
	<meta name="twitter:data1" content="1 minute" />
<script type="application/ld+json" class="yoast-schema-graph">{"@context":"https:\/\/schema.org","@graph":[{"@type":"WebPage","@id":"https:\/\/schabziger.ch\/fr\/recipe\/tarte-flambee-aux-legumes-et-au-feta-schabziger\/","url":"https:\/\/schabziger.ch\/fr\/recipe\/tarte-flambee-aux-legumes-et-au-feta-schabziger\/","name":"Tarte flambée aux légumes et au feta schabziger - Schabziger","isPartOf":{"@id":"https:\/\/schabziger.ch\/fr\/#website"},"primaryImageOfPage":{"@id":"https:\/\/schabziger.ch\/fr\/recipe\/tarte-flambee-aux-legumes-et-au-feta-schabziger\/#primaryimage"},"image":{"@id":"https:\/\/schabziger.ch\/fr\/recipe\/tarte-flambee-aux-legumes-et-au-feta-schabziger\/#primaryimage"},"thumbnailUrl":"https:\/\/schabziger.ch\/wp-content\/uploads\/2022\/05\/rezepte_flammkuchen.jpg","datePublished":"2022-05-10T09:53:28+00:00","dateModified":"2022-06-23T11:08:14+00:00","breadcrumb":{"@id":"https:\/\/schabziger.ch\/fr\/recipe\/tarte-flambee-aux-legumes-et-au-feta-schabziger\/#breadcrumb"},"inLanguage":"fr-FR","potentialAction":[{"@type":"ReadAction","target":["https:\/\/schabziger.ch\/fr\/recipe\/tarte-flambee-aux-legumes-et-au-feta-schabziger\/"]}]},{"@type":"ImageObject","inLanguage":"fr-FR","@id":"https:\/\/schabziger.ch\/fr\/recipe\/tarte-flambee-aux-legumes-et-au-feta-schabziger\/#primaryimage","url":"https:\/\/schabziger.ch\/wp-content\/uploads\/2022\/05\/rezepte_flammkuchen.jpg","contentUrl":"https:\/\/schabziger.ch\/wp-content\/uploads\/2022\/05\/rezepte_flammkuchen.jpg","width":800,"height":1067},{"@type":"BreadcrumbList","@id":"https:\/\/schabziger.ch\/fr\/recipe\/tarte-flambee-aux-legumes-et-au-feta-schabziger\/#breadcrumb","itemListElement":[{"@type":"ListItem","position":1,"name":"Startseite","item":"https:\/\/schabziger.ch\/fr\/"},{"@type":"ListItem","position":2,"name":"Rezept","item":"https:\/\/schabziger.ch\/fr\/recipe\/"},{"@type":"ListItem","position":3,"name":"Tarte flambée aux légumes et au feta schabziger"}]},{"@type":"WebSite","@id":"https:\/\/schabziger.ch\/fr\/#website","url":"https:\/\/schabziger.ch\/fr\/","name":"Schabziger","description":"Uurwürzig guet","potentialAction":[{"@type":"SearchAction","target":{"@type":"EntryPoint","urlTemplate":"https:\/\/schabziger.ch\/fr\/?s={search_term_string}"},"query-input":{"@type":"PropertyValueSpecification","valueRequired":true,"valueName":"search_term_string"}}],"inLanguage":"fr-FR"}]}</script>
<!-- / Yoast SEO plugin. -->

Tarte flambée aux légumes et au feta schabziger - Schabziger

Ingrédients pour 4 personnes 1 pâte feuilletée abaissée en rond Remplissage 1 œuf 1 1/2 dl/150 ml de lait 2 dl/200 ml de crème/crème 2 cuillères à soupe de farine 100 g de fromage râpé, p. ex. moitié gruyère, moitié appenzeller 50 g de schabziger râpé sel, poivre, noix de muscade 2-3 brins de marjolaine, [&hellip;]

Uurwürzig guet
