{"id":1495,"date":"2022-05-10T11:34:53","date_gmt":"2022-05-10T09:34:53","guid":{"rendered":"https:\/\/geska.brandneu.ch\/recipe\/quiche-a-la-courge-et-au-schabziger\/"},"modified":"2022-06-23T13:08:14","modified_gmt":"2022-06-23T11:08:14","slug":"quiche-a-la-courge-et-au-schabziger","status":"publish","type":"recipe","link":"https:\/\/schabziger.ch\/fr\/recipe\/quiche-a-la-courge-et-au-schabziger\/","title":{"rendered":"Quiche \u00e0 la courge et au schabziger"},"content":{"rendered":"\n<h3 class=\"wp-block-heading\">Ingr\u00e9dients pour 4 personnes<\/h3>\n\n<div style=\"height:16px\" aria-hidden=\"true\" class=\"wp-block-spacer\"><\/div>\n\n<ul class=\"wp-block-list\"><li>1 p\u00e2te feuillet\u00e9e ronde<\/li><li>1 poign\u00e9e de graines de courge, hach\u00e9es et grill\u00e9es<\/li><\/ul>\n<div style=\"height:8px\" aria-hidden=\"true\" class=\"wp-block-spacer\"><\/div>\n\n<h4 class=\"wp-block-heading\">Rev\u00eatement<\/h4>\n\n<ul class=\"wp-block-list\"><li>2 cuill\u00e8res \u00e0 soupe d&rsquo;huile d&rsquo;olive<\/li><li>1 \u00e9chalote, coup\u00e9e en petits d\u00e9s<\/li><li>1 grosse gousse d&rsquo;ail, coup\u00e9e en petits d\u00e9s<\/li><li>600 g de chair de potiron \u00e9pluch\u00e9e et \u00e9p\u00e9pin\u00e9e, vari\u00e9t\u00e9 farineuse<\/li><li>2 cs de persil hach\u00e9<\/li><li>Sel aux herbes<\/li><li>Poivre du moulin<\/li><\/ul>\n<div style=\"height:8px\" aria-hidden=\"true\" class=\"wp-block-spacer\"><\/div>\n\n<h4 class=\"wp-block-heading\">Fonte<\/h4>\n\n<ul class=\"wp-block-list\"><li>3 \u0153ufs<\/li><li>1 dl \/ 100 ml de cr\u00e8me \/ cr\u00e8me fra\u00eeche<\/li><li>1 gobelet (180 g) de cr\u00e8me fra\u00eeche<\/li><li>100-120 g de schabziger, r\u00e2p\u00e9<\/li><li>Sel aux herbes<\/li><li>poivre fra\u00eechement moulu<\/li><li>Huile de p\u00e9pins de courge, selon les go\u00fbts<\/li><\/ul>\n<div style=\"height:48px\" aria-hidden=\"true\" class=\"wp-block-spacer\"><\/div>\n\n<h3 class=\"wp-block-heading\">Voici comment proc\u00e9der<\/h3>\n\n<ol class=\"wp-block-list\"><li>Placer la p\u00e2te feuillet\u00e9e dans le moule \u00e0 tarte, la piquer quelques fois avec une fourchette.<\/li><li>Saupoudrer les graines de courge sur le fond de p\u00e2te.<\/li><li>R\u00e2per la chair de la courge sur la r\u00e2pe \u00e0 r\u00f6sti.<\/li><li>Faire revenir les \u00e9chalotes, l&rsquo;ail et la courge dans l&rsquo;huile d&rsquo;olive pendant quelques minutes, incorporer les herbes, assaisonner. Laisser refroidir.<\/li><li>Pr\u00e9chauffer le four \u00e0 220 \u00b0C.<\/li><li>M\u00e9langer la masse de citrouille avec le gla\u00e7age, verser dans le moule.<\/li><li>Enfourner la quiche \u00e0 la citrouille sur le deuxi\u00e8me gradin \u00e0 partir d&rsquo;en bas du four pr\u00e9chauff\u00e9 \u00e0 220 \u00b0C et faire cuire pendant 25 \u00e0 30 minutes.<\/li><\/ol>\n<div style=\"height:8px\" aria-hidden=\"true\" class=\"wp-block-spacer\"><\/div>\n\n<p><strong>Conseil<\/strong><br\/>La quiche peut \u00e9galement \u00eatre servie ti\u00e8de ou froide.<br\/>\u00c0 table, arroser \u00e0 volont\u00e9 d&rsquo;huile de p\u00e9pins de courge.<\/p>\n","protected":false},"excerpt":{"rendered":"<p>Ingr\u00e9dients pour 4 personnes 1 p\u00e2te feuillet\u00e9e ronde 1 poign\u00e9e de graines de courge, hach\u00e9es et grill\u00e9es Rev\u00eatement 2 cuill\u00e8res \u00e0 soupe d&rsquo;huile d&rsquo;olive 1 \u00e9chalote, coup\u00e9e en petits d\u00e9s 1 grosse gousse d&rsquo;ail, coup\u00e9e en petits d\u00e9s 600 g de chair de potiron \u00e9pluch\u00e9e et \u00e9p\u00e9pin\u00e9e, vari\u00e9t\u00e9 farineuse 2 cs de persil hach\u00e9 Sel [&hellip;]<\/p>\n","protected":false},"featured_media":1152,"template":"","categories":[1],"class_list":["post-1495","recipe","type-recipe","status-publish","has-post-thumbnail","hentry","category-zibu"],"acf":[],"yoast_head":"<!-- This site is optimized with the Yoast SEO plugin v27.5 - https:\/\/yoast.com\/product\/yoast-seo-wordpress\/ -->\n<title>Quiche \u00e0 la courge et au schabziger - Schabziger<\/title>\n<meta name=\"robots\" content=\"index, follow, max-snippet:-1, max-image-preview:large, max-video-preview:-1\" \/>\n<link rel=\"canonical\" href=\"https:\/\/schabziger.ch\/fr\/recipe\/quiche-a-la-courge-et-au-schabziger\/\" \/>\n<meta property=\"og:locale\" content=\"fr_FR\" \/>\n<meta property=\"og:type\" content=\"article\" \/>\n<meta property=\"og:title\" content=\"Quiche \u00e0 la courge et au schabziger - Schabziger\" \/>\n<meta property=\"og:description\" content=\"Ingr\u00e9dients pour 4 personnes 1 p\u00e2te feuillet\u00e9e ronde 1 poign\u00e9e de graines de courge, hach\u00e9es et grill\u00e9es Rev\u00eatement 2 cuill\u00e8res \u00e0 soupe d&rsquo;huile d&rsquo;olive 1 \u00e9chalote, coup\u00e9e en petits d\u00e9s 1 grosse gousse d&rsquo;ail, coup\u00e9e en petits d\u00e9s 600 g de chair de potiron \u00e9pluch\u00e9e et \u00e9p\u00e9pin\u00e9e, vari\u00e9t\u00e9 farineuse 2 cs de persil hach\u00e9 Sel [&hellip;]\" \/>\n<meta property=\"og:url\" content=\"https:\/\/schabziger.ch\/fr\/recipe\/quiche-a-la-courge-et-au-schabziger\/\" \/>\n<meta property=\"og:site_name\" content=\"Schabziger\" \/>\n<meta property=\"article:modified_time\" content=\"2022-06-23T11:08:14+00:00\" \/>\n<meta property=\"og:image\" content=\"https:\/\/schabziger.ch\/wp-content\/uploads\/2022\/05\/kuerbisquiche.jpg\" \/>\n\t<meta property=\"og:image:width\" content=\"800\" \/>\n\t<meta property=\"og:image:height\" content=\"800\" \/>\n\t<meta property=\"og:image:type\" content=\"image\/jpeg\" \/>\n<meta name=\"twitter:card\" content=\"summary_large_image\" \/>\n<meta name=\"twitter:label1\" content=\"Dur\u00e9e de lecture estim\u00e9e\" \/>\n\t<meta name=\"twitter:data1\" content=\"1 minute\" \/>\n<script type=\"application\/ld+json\" class=\"yoast-schema-graph\">{\"@context\":\"https:\\\/\\\/schema.org\",\"@graph\":[{\"@type\":\"WebPage\",\"@id\":\"https:\\\/\\\/schabziger.ch\\\/fr\\\/recipe\\\/quiche-a-la-courge-et-au-schabziger\\\/\",\"url\":\"https:\\\/\\\/schabziger.ch\\\/fr\\\/recipe\\\/quiche-a-la-courge-et-au-schabziger\\\/\",\"name\":\"Quiche \u00e0 la courge et au schabziger - Schabziger\",\"isPartOf\":{\"@id\":\"https:\\\/\\\/schabziger.ch\\\/fr\\\/#website\"},\"primaryImageOfPage\":{\"@id\":\"https:\\\/\\\/schabziger.ch\\\/fr\\\/recipe\\\/quiche-a-la-courge-et-au-schabziger\\\/#primaryimage\"},\"image\":{\"@id\":\"https:\\\/\\\/schabziger.ch\\\/fr\\\/recipe\\\/quiche-a-la-courge-et-au-schabziger\\\/#primaryimage\"},\"thumbnailUrl\":\"https:\\\/\\\/schabziger.ch\\\/wp-content\\\/uploads\\\/2022\\\/05\\\/kuerbisquiche.jpg\",\"datePublished\":\"2022-05-10T09:34:53+00:00\",\"dateModified\":\"2022-06-23T11:08:14+00:00\",\"breadcrumb\":{\"@id\":\"https:\\\/\\\/schabziger.ch\\\/fr\\\/recipe\\\/quiche-a-la-courge-et-au-schabziger\\\/#breadcrumb\"},\"inLanguage\":\"fr-FR\",\"potentialAction\":[{\"@type\":\"ReadAction\",\"target\":[\"https:\\\/\\\/schabziger.ch\\\/fr\\\/recipe\\\/quiche-a-la-courge-et-au-schabziger\\\/\"]}]},{\"@type\":\"ImageObject\",\"inLanguage\":\"fr-FR\",\"@id\":\"https:\\\/\\\/schabziger.ch\\\/fr\\\/recipe\\\/quiche-a-la-courge-et-au-schabziger\\\/#primaryimage\",\"url\":\"https:\\\/\\\/schabziger.ch\\\/wp-content\\\/uploads\\\/2022\\\/05\\\/kuerbisquiche.jpg\",\"contentUrl\":\"https:\\\/\\\/schabziger.ch\\\/wp-content\\\/uploads\\\/2022\\\/05\\\/kuerbisquiche.jpg\",\"width\":800,\"height\":800},{\"@type\":\"BreadcrumbList\",\"@id\":\"https:\\\/\\\/schabziger.ch\\\/fr\\\/recipe\\\/quiche-a-la-courge-et-au-schabziger\\\/#breadcrumb\",\"itemListElement\":[{\"@type\":\"ListItem\",\"position\":1,\"name\":\"Startseite\",\"item\":\"https:\\\/\\\/schabziger.ch\\\/fr\\\/\"},{\"@type\":\"ListItem\",\"position\":2,\"name\":\"Rezept\",\"item\":\"https:\\\/\\\/schabziger.ch\\\/fr\\\/recipe\\\/\"},{\"@type\":\"ListItem\",\"position\":3,\"name\":\"Quiche \u00e0 la courge et au schabziger\"}]},{\"@type\":\"WebSite\",\"@id\":\"https:\\\/\\\/schabziger.ch\\\/fr\\\/#website\",\"url\":\"https:\\\/\\\/schabziger.ch\\\/fr\\\/\",\"name\":\"Schabziger\",\"description\":\"Uurw\u00fcrzig guet\",\"potentialAction\":[{\"@type\":\"SearchAction\",\"target\":{\"@type\":\"EntryPoint\",\"urlTemplate\":\"https:\\\/\\\/schabziger.ch\\\/fr\\\/?s={search_term_string}\"},\"query-input\":{\"@type\":\"PropertyValueSpecification\",\"valueRequired\":true,\"valueName\":\"search_term_string\"}}],\"inLanguage\":\"fr-FR\"}]}<\/script>\n<!-- \/ Yoast SEO plugin. -->","yoast_head_json":{"title":"Quiche \u00e0 la courge et au schabziger - Schabziger","robots":{"index":"index","follow":"follow","max-snippet":"max-snippet:-1","max-image-preview":"max-image-preview:large","max-video-preview":"max-video-preview:-1"},"canonical":"https:\/\/schabziger.ch\/fr\/recipe\/quiche-a-la-courge-et-au-schabziger\/","og_locale":"fr_FR","og_type":"article","og_title":"Quiche \u00e0 la courge et au schabziger - Schabziger","og_description":"Ingr\u00e9dients pour 4 personnes 1 p\u00e2te feuillet\u00e9e ronde 1 poign\u00e9e de graines de courge, hach\u00e9es et grill\u00e9es Rev\u00eatement 2 cuill\u00e8res \u00e0 soupe d&rsquo;huile d&rsquo;olive 1 \u00e9chalote, coup\u00e9e en petits d\u00e9s 1 grosse gousse d&rsquo;ail, coup\u00e9e en petits d\u00e9s 600 g de chair de potiron \u00e9pluch\u00e9e et \u00e9p\u00e9pin\u00e9e, vari\u00e9t\u00e9 farineuse 2 cs de persil hach\u00e9 Sel [&hellip;]","og_url":"https:\/\/schabziger.ch\/fr\/recipe\/quiche-a-la-courge-et-au-schabziger\/","og_site_name":"Schabziger","article_modified_time":"2022-06-23T11:08:14+00:00","og_image":[{"width":800,"height":800,"url":"https:\/\/schabziger.ch\/wp-content\/uploads\/2022\/05\/kuerbisquiche.jpg","type":"image\/jpeg"}],"twitter_card":"summary_large_image","twitter_misc":{"Dur\u00e9e de lecture estim\u00e9e":"1 minute"},"schema":{"@context":"https:\/\/schema.org","@graph":[{"@type":"WebPage","@id":"https:\/\/schabziger.ch\/fr\/recipe\/quiche-a-la-courge-et-au-schabziger\/","url":"https:\/\/schabziger.ch\/fr\/recipe\/quiche-a-la-courge-et-au-schabziger\/","name":"Quiche \u00e0 la courge et au schabziger - Schabziger","isPartOf":{"@id":"https:\/\/schabziger.ch\/fr\/#website"},"primaryImageOfPage":{"@id":"https:\/\/schabziger.ch\/fr\/recipe\/quiche-a-la-courge-et-au-schabziger\/#primaryimage"},"image":{"@id":"https:\/\/schabziger.ch\/fr\/recipe\/quiche-a-la-courge-et-au-schabziger\/#primaryimage"},"thumbnailUrl":"https:\/\/schabziger.ch\/wp-content\/uploads\/2022\/05\/kuerbisquiche.jpg","datePublished":"2022-05-10T09:34:53+00:00","dateModified":"2022-06-23T11:08:14+00:00","breadcrumb":{"@id":"https:\/\/schabziger.ch\/fr\/recipe\/quiche-a-la-courge-et-au-schabziger\/#breadcrumb"},"inLanguage":"fr-FR","potentialAction":[{"@type":"ReadAction","target":["https:\/\/schabziger.ch\/fr\/recipe\/quiche-a-la-courge-et-au-schabziger\/"]}]},{"@type":"ImageObject","inLanguage":"fr-FR","@id":"https:\/\/schabziger.ch\/fr\/recipe\/quiche-a-la-courge-et-au-schabziger\/#primaryimage","url":"https:\/\/schabziger.ch\/wp-content\/uploads\/2022\/05\/kuerbisquiche.jpg","contentUrl":"https:\/\/schabziger.ch\/wp-content\/uploads\/2022\/05\/kuerbisquiche.jpg","width":800,"height":800},{"@type":"BreadcrumbList","@id":"https:\/\/schabziger.ch\/fr\/recipe\/quiche-a-la-courge-et-au-schabziger\/#breadcrumb","itemListElement":[{"@type":"ListItem","position":1,"name":"Startseite","item":"https:\/\/schabziger.ch\/fr\/"},{"@type":"ListItem","position":2,"name":"Rezept","item":"https:\/\/schabziger.ch\/fr\/recipe\/"},{"@type":"ListItem","position":3,"name":"Quiche \u00e0 la courge et au schabziger"}]},{"@type":"WebSite","@id":"https:\/\/schabziger.ch\/fr\/#website","url":"https:\/\/schabziger.ch\/fr\/","name":"Schabziger","description":"Uurw\u00fcrzig guet","potentialAction":[{"@type":"SearchAction","target":{"@type":"EntryPoint","urlTemplate":"https:\/\/schabziger.ch\/fr\/?s={search_term_string}"},"query-input":{"@type":"PropertyValueSpecification","valueRequired":true,"valueName":"search_term_string"}}],"inLanguage":"fr-FR"}]}},"_links":{"self":[{"href":"https:\/\/schabziger.ch\/fr\/wp-json\/wp\/v2\/recipe\/1495","targetHints":{"allow":["GET"]}}],"collection":[{"href":"https:\/\/schabziger.ch\/fr\/wp-json\/wp\/v2\/recipe"}],"about":[{"href":"https:\/\/schabziger.ch\/fr\/wp-json\/wp\/v2\/types\/recipe"}],"version-history":[{"count":1,"href":"https:\/\/schabziger.ch\/fr\/wp-json\/wp\/v2\/recipe\/1495\/revisions"}],"predecessor-version":[{"id":1503,"href":"https:\/\/schabziger.ch\/fr\/wp-json\/wp\/v2\/recipe\/1495\/revisions\/1503"}],"wp:featuredmedia":[{"embeddable":true,"href":"https:\/\/schabziger.ch\/fr\/wp-json\/wp\/v2\/media\/1152"}],"wp:attachment":[{"href":"https:\/\/schabziger.ch\/fr\/wp-json\/wp\/v2\/media?parent=1495"}],"wp:term":[{"taxonomy":"category","embeddable":true,"href":"https:\/\/schabziger.ch\/fr\/wp-json\/wp\/v2\/categories?post=1495"}],"curies":[{"name":"wp","href":"https:\/\/api.w.org\/{rel}","templated":true}]}}

Quiche à la courge et au schabziger

<h3 class="wp-block-heading">Ingrédients pour 4 personnes</h3>

<div style="height:16px" aria-hidden="true" class="wp-block-spacer"></div>

<ul class="wp-block-list"><li>1 pâte feuilletée ronde</li><li>1 poignée de graines de courge, hachées et grillées</li></ul>
<div style="height:8px" aria-hidden="true" class="wp-block-spacer"></div>

<h4 class="wp-block-heading">Revêtement</h4>

<ul class="wp-block-list"><li>2 cuillères à soupe d&rsquo;huile d&rsquo;olive</li><li>1 échalote, coupée en petits dés</li><li>1 grosse gousse d&rsquo;ail, coupée en petits dés</li><li>600 g de chair de potiron épluchée et épépinée, variété farineuse</li><li>2 cs de persil haché</li><li>Sel aux herbes</li><li>Poivre du moulin</li></ul>
<div style="height:8px" aria-hidden="true" class="wp-block-spacer"></div>

<h4 class="wp-block-heading">Fonte</h4>

<ul class="wp-block-list"><li>3 œufs</li><li>1 dl / 100 ml de crème / crème fraîche</li><li>1 gobelet (180 g) de crème fraîche</li><li>100-120 g de schabziger, râpé</li><li>Sel aux herbes</li><li>poivre fraîchement moulu</li><li>Huile de pépins de courge, selon les goûts</li></ul>
<div style="height:48px" aria-hidden="true" class="wp-block-spacer"></div>

<h3 class="wp-block-heading">Voici comment procéder</h3>

<ol class="wp-block-list"><li>Placer la pâte feuilletée dans le moule à tarte, la piquer quelques fois avec une fourchette.</li><li>Saupoudrer les graines de courge sur le fond de pâte.</li><li>Râper la chair de la courge sur la râpe à rösti.</li><li>Faire revenir les échalotes, l&rsquo;ail et la courge dans l&rsquo;huile d&rsquo;olive pendant quelques minutes, incorporer les herbes, assaisonner. Laisser refroidir.</li><li>Préchauffer le four à 220 °C.</li><li>Mélanger la masse de citrouille avec le glaçage, verser dans le moule.</li><li>Enfourner la quiche à la citrouille sur le deuxième gradin à partir d&rsquo;en bas du four préchauffé à 220 °C et faire cuire pendant 25 à 30 minutes.</li></ol>
<div style="height:8px" aria-hidden="true" class="wp-block-spacer"></div>

<p><strong>Conseil</strong><br/>La quiche peut également être servie tiède ou froide.<br/>À table, arroser à volonté d&rsquo;huile de pépins de courge.</p>

<p>Ingrédients pour 4 personnes 1 pâte feuilletée ronde 1 poignée de graines de courge, hachées et grillées Revêtement 2 cuillères à soupe d&rsquo;huile d&rsquo;olive 1 échalote, coupée en petits dés 1 grosse gousse d&rsquo;ail, coupée en petits dés 600 g de chair de potiron épluchée et épépinée, variété farineuse 2 cs de persil haché Sel [&hellip;]</p>

<!-- This site is optimized with the Yoast SEO plugin v27.5 - https://yoast.com/product/yoast-seo-wordpress/ -->
<title>Quiche à la courge et au schabziger - Schabziger</title>
<meta name="robots" content="index, follow, max-snippet:-1, max-image-preview:large, max-video-preview:-1" />
<link rel="canonical" href="https://schabziger.ch/fr/recipe/quiche-a-la-courge-et-au-schabziger/" />
<meta property="og:locale" content="fr_FR" />
<meta property="og:type" content="article" />
<meta property="og:title" content="Quiche à la courge et au schabziger - Schabziger" />
<meta property="og:description" content="Ingrédients pour 4 personnes 1 pâte feuilletée ronde 1 poignée de graines de courge, hachées et grillées Revêtement 2 cuillères à soupe d&rsquo;huile d&rsquo;olive 1 échalote, coupée en petits dés 1 grosse gousse d&rsquo;ail, coupée en petits dés 600 g de chair de potiron épluchée et épépinée, variété farineuse 2 cs de persil haché Sel [&hellip;]" />
<meta property="og:url" content="https://schabziger.ch/fr/recipe/quiche-a-la-courge-et-au-schabziger/" />
<meta property="og:site_name" content="Schabziger" />
<meta property="article:modified_time" content="2022-06-23T11:08:14+00:00" />
<meta property="og:image" content="https://schabziger.ch/wp-content/uploads/2022/05/kuerbisquiche.jpg" />
	<meta property="og:image:width" content="800" />
	<meta property="og:image:height" content="800" />
	<meta property="og:image:type" content="image/jpeg" />
<meta name="twitter:card" content="summary_large_image" />
<meta name="twitter:label1" content="Durée de lecture estimée" />
	<meta name="twitter:data1" content="1 minute" />
<script type="application/ld+json" class="yoast-schema-graph">{"@context":"https:\/\/schema.org","@graph":[{"@type":"WebPage","@id":"https:\/\/schabziger.ch\/fr\/recipe\/quiche-a-la-courge-et-au-schabziger\/","url":"https:\/\/schabziger.ch\/fr\/recipe\/quiche-a-la-courge-et-au-schabziger\/","name":"Quiche à la courge et au schabziger - Schabziger","isPartOf":{"@id":"https:\/\/schabziger.ch\/fr\/#website"},"primaryImageOfPage":{"@id":"https:\/\/schabziger.ch\/fr\/recipe\/quiche-a-la-courge-et-au-schabziger\/#primaryimage"},"image":{"@id":"https:\/\/schabziger.ch\/fr\/recipe\/quiche-a-la-courge-et-au-schabziger\/#primaryimage"},"thumbnailUrl":"https:\/\/schabziger.ch\/wp-content\/uploads\/2022\/05\/kuerbisquiche.jpg","datePublished":"2022-05-10T09:34:53+00:00","dateModified":"2022-06-23T11:08:14+00:00","breadcrumb":{"@id":"https:\/\/schabziger.ch\/fr\/recipe\/quiche-a-la-courge-et-au-schabziger\/#breadcrumb"},"inLanguage":"fr-FR","potentialAction":[{"@type":"ReadAction","target":["https:\/\/schabziger.ch\/fr\/recipe\/quiche-a-la-courge-et-au-schabziger\/"]}]},{"@type":"ImageObject","inLanguage":"fr-FR","@id":"https:\/\/schabziger.ch\/fr\/recipe\/quiche-a-la-courge-et-au-schabziger\/#primaryimage","url":"https:\/\/schabziger.ch\/wp-content\/uploads\/2022\/05\/kuerbisquiche.jpg","contentUrl":"https:\/\/schabziger.ch\/wp-content\/uploads\/2022\/05\/kuerbisquiche.jpg","width":800,"height":800},{"@type":"BreadcrumbList","@id":"https:\/\/schabziger.ch\/fr\/recipe\/quiche-a-la-courge-et-au-schabziger\/#breadcrumb","itemListElement":[{"@type":"ListItem","position":1,"name":"Startseite","item":"https:\/\/schabziger.ch\/fr\/"},{"@type":"ListItem","position":2,"name":"Rezept","item":"https:\/\/schabziger.ch\/fr\/recipe\/"},{"@type":"ListItem","position":3,"name":"Quiche à la courge et au schabziger"}]},{"@type":"WebSite","@id":"https:\/\/schabziger.ch\/fr\/#website","url":"https:\/\/schabziger.ch\/fr\/","name":"Schabziger","description":"Uurwürzig guet","potentialAction":[{"@type":"SearchAction","target":{"@type":"EntryPoint","urlTemplate":"https:\/\/schabziger.ch\/fr\/?s={search_term_string}"},"query-input":{"@type":"PropertyValueSpecification","valueRequired":true,"valueName":"search_term_string"}}],"inLanguage":"fr-FR"}]}</script>
<!-- / Yoast SEO plugin. -->

Quiche à la courge et au schabziger - Schabziger

Ingrédients pour 4 personnes 1 pâte feuilletée ronde 1 poignée de graines de courge, hachées et grillées Revêtement 2 cuillères à soupe d&rsquo;huile d&rsquo;olive 1 échalote, coupée en petits dés 1 grosse gousse d&rsquo;ail, coupée en petits dés 600 g de chair de potiron épluchée et épépinée, variété farineuse 2 cs de persil haché Sel [&hellip;]

Uurwürzig guet
