{"id":1441,"date":"2022-05-10T11:51:04","date_gmt":"2022-05-10T09:51:04","guid":{"rendered":"https:\/\/geska.brandneu.ch\/recipe\/salade-verte-avec-gruessli-mousse\/"},"modified":"2022-06-23T13:08:13","modified_gmt":"2022-06-23T11:08:13","slug":"salade-verte-avec-gruessli-mousse","status":"publish","type":"recipe","link":"https:\/\/schabziger.ch\/fr\/recipe\/salade-verte-avec-gruessli-mousse\/","title":{"rendered":"Salade verte avec \u00ab\u00a0Gr\u00fcessli mousse"},"content":{"rendered":"\n<h3 class=\"wp-block-heading\">Ingr\u00e9dients pour 4 personnes<\/h3>\n\n<ul class=\"wp-block-list\"><li>4 c\u0153urs de laitue<\/li><li>8 fleurs de vinaigrette<\/li><li>2 cuill\u00e8res \u00e0 soupe de vinaigre balsamique<\/li><li>Sel de mer aux herbes<\/li><li>poivre fra\u00eechement moulu<\/li><li>2 cs d&rsquo;huile de p\u00e9pins de courge<\/li><li>Pousses<\/li><li>Graines de courge, grill\u00e9es \u00e0 sec<\/li><li>Graines de tournesol, grill\u00e9es \u00e0 sec<\/li><li>Mousse au schabziger<\/li><li>200 g de \u00ab\u00a0Glarner Gr\u00fcessli\u00a0\u00bb (fromage vert glaronnais)<\/li><li>30 g de beurre de s\u00e9rac (zibu)<\/li><li>poivre noir fra\u00eechement moulu<\/li><li>\u00bd citron non trait\u00e9, zeste r\u00e2p\u00e9 et jus<\/li><li>20 g d&rsquo;herbes aromatiques ou sauvages, hach\u00e9es<\/li><li>Pain de mie<\/li><\/ul>\n<div style=\"height:48px\" aria-hidden=\"true\" class=\"wp-block-spacer\"><\/div>\n\n<h3 class=\"wp-block-heading\">Voici comment proc\u00e9der<\/h3>\n\n<ol class=\"wp-block-list\"><li>M\u00e9langer le \u00ab\u00a0Glarner Gr\u00fcessli\u00a0\u00bb et le beurre de s\u00e9rac, assaisonner avec du poivre, du jus de citron et du zeste de citron, incorporer les herbes. R\u00e9server au frais.<\/li><li>Faire griller \u00e0 sec les graines de courge et de tournesol dans une po\u00eale jusqu&rsquo;\u00e0 ce qu&rsquo;elles d\u00e9gagent une fine odeur.<\/li><li>Laver les c\u0153urs de laitue, les essorer et les s\u00e9parer en feuilles individuelles.<\/li><li>Disposer la salade sur des assiettes et l&rsquo;arroser de vinaigrette. Portionner la mousse au schabziger \u00e0 l&rsquo;aide d&rsquo;une cuill\u00e8re \u00e0 soupe et la disposer sur les feuilles de salade. Garnir de pousses, de graines et de fleurs. Servir le pain grill\u00e9 s\u00e9par\u00e9ment.<\/li><\/ol>","protected":false},"excerpt":{"rendered":"<p>Ingr\u00e9dients pour 4 personnes 4 c\u0153urs de laitue 8 fleurs de vinaigrette 2 cuill\u00e8res \u00e0 soupe de vinaigre balsamique Sel de mer aux herbes poivre fra\u00eechement moulu 2 cs d&rsquo;huile de p\u00e9pins de courge Pousses Graines de courge, grill\u00e9es \u00e0 sec Graines de tournesol, grill\u00e9es \u00e0 sec Mousse au schabziger 200 g de \u00ab\u00a0Glarner Gr\u00fcessli\u00a0\u00bb [&hellip;]<\/p>\n","protected":false},"featured_media":1160,"template":"","categories":[1],"class_list":["post-1441","recipe","type-recipe","status-publish","has-post-thumbnail","hentry","category-zibu"],"acf":[],"yoast_head":"<!-- This site is optimized with the Yoast SEO plugin v27.5 - https:\/\/yoast.com\/product\/yoast-seo-wordpress\/ -->\n<title>Salade verte avec &quot;Gr\u00fcessli mousse - Schabziger<\/title>\n<meta name=\"robots\" content=\"index, follow, max-snippet:-1, max-image-preview:large, max-video-preview:-1\" \/>\n<link rel=\"canonical\" href=\"https:\/\/schabziger.ch\/fr\/recipe\/salade-verte-avec-gruessli-mousse\/\" \/>\n<meta property=\"og:locale\" content=\"fr_FR\" \/>\n<meta property=\"og:type\" content=\"article\" \/>\n<meta property=\"og:title\" content=\"Salade verte avec &quot;Gr\u00fcessli mousse - Schabziger\" \/>\n<meta property=\"og:description\" content=\"Ingr\u00e9dients pour 4 personnes 4 c\u0153urs de laitue 8 fleurs de vinaigrette 2 cuill\u00e8res \u00e0 soupe de vinaigre balsamique Sel de mer aux herbes poivre fra\u00eechement moulu 2 cs d&rsquo;huile de p\u00e9pins de courge Pousses Graines de courge, grill\u00e9es \u00e0 sec Graines de tournesol, grill\u00e9es \u00e0 sec Mousse au schabziger 200 g de \u00ab\u00a0Glarner Gr\u00fcessli\u00a0\u00bb [&hellip;]\" \/>\n<meta property=\"og:url\" content=\"https:\/\/schabziger.ch\/fr\/recipe\/salade-verte-avec-gruessli-mousse\/\" \/>\n<meta property=\"og:site_name\" content=\"Schabziger\" \/>\n<meta property=\"article:modified_time\" content=\"2022-06-23T11:08:13+00:00\" \/>\n<meta property=\"og:image\" content=\"https:\/\/schabziger.ch\/wp-content\/uploads\/2022\/05\/blattsalat-gruessli-mousse.jpg\" \/>\n\t<meta property=\"og:image:width\" content=\"800\" \/>\n\t<meta property=\"og:image:height\" content=\"900\" \/>\n\t<meta property=\"og:image:type\" content=\"image\/jpeg\" \/>\n<meta name=\"twitter:card\" content=\"summary_large_image\" \/>\n<meta name=\"twitter:label1\" content=\"Dur\u00e9e de lecture estim\u00e9e\" \/>\n\t<meta name=\"twitter:data1\" content=\"1 minute\" \/>\n<script type=\"application\/ld+json\" class=\"yoast-schema-graph\">{\"@context\":\"https:\\\/\\\/schema.org\",\"@graph\":[{\"@type\":\"WebPage\",\"@id\":\"https:\\\/\\\/schabziger.ch\\\/fr\\\/recipe\\\/salade-verte-avec-gruessli-mousse\\\/\",\"url\":\"https:\\\/\\\/schabziger.ch\\\/fr\\\/recipe\\\/salade-verte-avec-gruessli-mousse\\\/\",\"name\":\"Salade verte avec \\\"Gr\u00fcessli mousse - Schabziger\",\"isPartOf\":{\"@id\":\"https:\\\/\\\/schabziger.ch\\\/fr\\\/#website\"},\"primaryImageOfPage\":{\"@id\":\"https:\\\/\\\/schabziger.ch\\\/fr\\\/recipe\\\/salade-verte-avec-gruessli-mousse\\\/#primaryimage\"},\"image\":{\"@id\":\"https:\\\/\\\/schabziger.ch\\\/fr\\\/recipe\\\/salade-verte-avec-gruessli-mousse\\\/#primaryimage\"},\"thumbnailUrl\":\"https:\\\/\\\/schabziger.ch\\\/wp-content\\\/uploads\\\/2022\\\/05\\\/blattsalat-gruessli-mousse.jpg\",\"datePublished\":\"2022-05-10T09:51:04+00:00\",\"dateModified\":\"2022-06-23T11:08:13+00:00\",\"breadcrumb\":{\"@id\":\"https:\\\/\\\/schabziger.ch\\\/fr\\\/recipe\\\/salade-verte-avec-gruessli-mousse\\\/#breadcrumb\"},\"inLanguage\":\"fr-FR\",\"potentialAction\":[{\"@type\":\"ReadAction\",\"target\":[\"https:\\\/\\\/schabziger.ch\\\/fr\\\/recipe\\\/salade-verte-avec-gruessli-mousse\\\/\"]}]},{\"@type\":\"ImageObject\",\"inLanguage\":\"fr-FR\",\"@id\":\"https:\\\/\\\/schabziger.ch\\\/fr\\\/recipe\\\/salade-verte-avec-gruessli-mousse\\\/#primaryimage\",\"url\":\"https:\\\/\\\/schabziger.ch\\\/wp-content\\\/uploads\\\/2022\\\/05\\\/blattsalat-gruessli-mousse.jpg\",\"contentUrl\":\"https:\\\/\\\/schabziger.ch\\\/wp-content\\\/uploads\\\/2022\\\/05\\\/blattsalat-gruessli-mousse.jpg\",\"width\":800,\"height\":900},{\"@type\":\"BreadcrumbList\",\"@id\":\"https:\\\/\\\/schabziger.ch\\\/fr\\\/recipe\\\/salade-verte-avec-gruessli-mousse\\\/#breadcrumb\",\"itemListElement\":[{\"@type\":\"ListItem\",\"position\":1,\"name\":\"Startseite\",\"item\":\"https:\\\/\\\/schabziger.ch\\\/fr\\\/\"},{\"@type\":\"ListItem\",\"position\":2,\"name\":\"Rezept\",\"item\":\"https:\\\/\\\/schabziger.ch\\\/fr\\\/recipe\\\/\"},{\"@type\":\"ListItem\",\"position\":3,\"name\":\"Salade verte avec \u00ab\u00a0Gr\u00fcessli mousse\"}]},{\"@type\":\"WebSite\",\"@id\":\"https:\\\/\\\/schabziger.ch\\\/fr\\\/#website\",\"url\":\"https:\\\/\\\/schabziger.ch\\\/fr\\\/\",\"name\":\"Schabziger\",\"description\":\"Uurw\u00fcrzig guet\",\"potentialAction\":[{\"@type\":\"SearchAction\",\"target\":{\"@type\":\"EntryPoint\",\"urlTemplate\":\"https:\\\/\\\/schabziger.ch\\\/fr\\\/?s={search_term_string}\"},\"query-input\":{\"@type\":\"PropertyValueSpecification\",\"valueRequired\":true,\"valueName\":\"search_term_string\"}}],\"inLanguage\":\"fr-FR\"}]}<\/script>\n<!-- \/ Yoast SEO plugin. -->","yoast_head_json":{"title":"Salade verte avec \"Gr\u00fcessli mousse - Schabziger","robots":{"index":"index","follow":"follow","max-snippet":"max-snippet:-1","max-image-preview":"max-image-preview:large","max-video-preview":"max-video-preview:-1"},"canonical":"https:\/\/schabziger.ch\/fr\/recipe\/salade-verte-avec-gruessli-mousse\/","og_locale":"fr_FR","og_type":"article","og_title":"Salade verte avec \"Gr\u00fcessli mousse - Schabziger","og_description":"Ingr\u00e9dients pour 4 personnes 4 c\u0153urs de laitue 8 fleurs de vinaigrette 2 cuill\u00e8res \u00e0 soupe de vinaigre balsamique Sel de mer aux herbes poivre fra\u00eechement moulu 2 cs d&rsquo;huile de p\u00e9pins de courge Pousses Graines de courge, grill\u00e9es \u00e0 sec Graines de tournesol, grill\u00e9es \u00e0 sec Mousse au schabziger 200 g de \u00ab\u00a0Glarner Gr\u00fcessli\u00a0\u00bb [&hellip;]","og_url":"https:\/\/schabziger.ch\/fr\/recipe\/salade-verte-avec-gruessli-mousse\/","og_site_name":"Schabziger","article_modified_time":"2022-06-23T11:08:13+00:00","og_image":[{"width":800,"height":900,"url":"https:\/\/schabziger.ch\/wp-content\/uploads\/2022\/05\/blattsalat-gruessli-mousse.jpg","type":"image\/jpeg"}],"twitter_card":"summary_large_image","twitter_misc":{"Dur\u00e9e de lecture estim\u00e9e":"1 minute"},"schema":{"@context":"https:\/\/schema.org","@graph":[{"@type":"WebPage","@id":"https:\/\/schabziger.ch\/fr\/recipe\/salade-verte-avec-gruessli-mousse\/","url":"https:\/\/schabziger.ch\/fr\/recipe\/salade-verte-avec-gruessli-mousse\/","name":"Salade verte avec \"Gr\u00fcessli mousse - Schabziger","isPartOf":{"@id":"https:\/\/schabziger.ch\/fr\/#website"},"primaryImageOfPage":{"@id":"https:\/\/schabziger.ch\/fr\/recipe\/salade-verte-avec-gruessli-mousse\/#primaryimage"},"image":{"@id":"https:\/\/schabziger.ch\/fr\/recipe\/salade-verte-avec-gruessli-mousse\/#primaryimage"},"thumbnailUrl":"https:\/\/schabziger.ch\/wp-content\/uploads\/2022\/05\/blattsalat-gruessli-mousse.jpg","datePublished":"2022-05-10T09:51:04+00:00","dateModified":"2022-06-23T11:08:13+00:00","breadcrumb":{"@id":"https:\/\/schabziger.ch\/fr\/recipe\/salade-verte-avec-gruessli-mousse\/#breadcrumb"},"inLanguage":"fr-FR","potentialAction":[{"@type":"ReadAction","target":["https:\/\/schabziger.ch\/fr\/recipe\/salade-verte-avec-gruessli-mousse\/"]}]},{"@type":"ImageObject","inLanguage":"fr-FR","@id":"https:\/\/schabziger.ch\/fr\/recipe\/salade-verte-avec-gruessli-mousse\/#primaryimage","url":"https:\/\/schabziger.ch\/wp-content\/uploads\/2022\/05\/blattsalat-gruessli-mousse.jpg","contentUrl":"https:\/\/schabziger.ch\/wp-content\/uploads\/2022\/05\/blattsalat-gruessli-mousse.jpg","width":800,"height":900},{"@type":"BreadcrumbList","@id":"https:\/\/schabziger.ch\/fr\/recipe\/salade-verte-avec-gruessli-mousse\/#breadcrumb","itemListElement":[{"@type":"ListItem","position":1,"name":"Startseite","item":"https:\/\/schabziger.ch\/fr\/"},{"@type":"ListItem","position":2,"name":"Rezept","item":"https:\/\/schabziger.ch\/fr\/recipe\/"},{"@type":"ListItem","position":3,"name":"Salade verte avec \u00ab\u00a0Gr\u00fcessli mousse"}]},{"@type":"WebSite","@id":"https:\/\/schabziger.ch\/fr\/#website","url":"https:\/\/schabziger.ch\/fr\/","name":"Schabziger","description":"Uurw\u00fcrzig guet","potentialAction":[{"@type":"SearchAction","target":{"@type":"EntryPoint","urlTemplate":"https:\/\/schabziger.ch\/fr\/?s={search_term_string}"},"query-input":{"@type":"PropertyValueSpecification","valueRequired":true,"valueName":"search_term_string"}}],"inLanguage":"fr-FR"}]}},"_links":{"self":[{"href":"https:\/\/schabziger.ch\/fr\/wp-json\/wp\/v2\/recipe\/1441","targetHints":{"allow":["GET"]}}],"collection":[{"href":"https:\/\/schabziger.ch\/fr\/wp-json\/wp\/v2\/recipe"}],"about":[{"href":"https:\/\/schabziger.ch\/fr\/wp-json\/wp\/v2\/types\/recipe"}],"version-history":[{"count":1,"href":"https:\/\/schabziger.ch\/fr\/wp-json\/wp\/v2\/recipe\/1441\/revisions"}],"predecessor-version":[{"id":1447,"href":"https:\/\/schabziger.ch\/fr\/wp-json\/wp\/v2\/recipe\/1441\/revisions\/1447"}],"wp:featuredmedia":[{"embeddable":true,"href":"https:\/\/schabziger.ch\/fr\/wp-json\/wp\/v2\/media\/1160"}],"wp:attachment":[{"href":"https:\/\/schabziger.ch\/fr\/wp-json\/wp\/v2\/media?parent=1441"}],"wp:term":[{"taxonomy":"category","embeddable":true,"href":"https:\/\/schabziger.ch\/fr\/wp-json\/wp\/v2\/categories?post=1441"}],"curies":[{"name":"wp","href":"https:\/\/api.w.org\/{rel}","templated":true}]}}

Salade verte avec « Grüessli mousse

<h3 class="wp-block-heading">Ingrédients pour 4 personnes</h3>

<ul class="wp-block-list"><li>4 cœurs de laitue</li><li>8 fleurs de vinaigrette</li><li>2 cuillères à soupe de vinaigre balsamique</li><li>Sel de mer aux herbes</li><li>poivre fraîchement moulu</li><li>2 cs d&rsquo;huile de pépins de courge</li><li>Pousses</li><li>Graines de courge, grillées à sec</li><li>Graines de tournesol, grillées à sec</li><li>Mousse au schabziger</li><li>200 g de « Glarner Grüessli » (fromage vert glaronnais)</li><li>30 g de beurre de sérac (zibu)</li><li>poivre noir fraîchement moulu</li><li>½ citron non traité, zeste râpé et jus</li><li>20 g d&rsquo;herbes aromatiques ou sauvages, hachées</li><li>Pain de mie</li></ul>
<div style="height:48px" aria-hidden="true" class="wp-block-spacer"></div>

<h3 class="wp-block-heading">Voici comment procéder</h3>

<ol class="wp-block-list"><li>Mélanger le « Glarner Grüessli » et le beurre de sérac, assaisonner avec du poivre, du jus de citron et du zeste de citron, incorporer les herbes. Réserver au frais.</li><li>Faire griller à sec les graines de courge et de tournesol dans une poêle jusqu&rsquo;à ce qu&rsquo;elles dégagent une fine odeur.</li><li>Laver les cœurs de laitue, les essorer et les séparer en feuilles individuelles.</li><li>Disposer la salade sur des assiettes et l&rsquo;arroser de vinaigrette. Portionner la mousse au schabziger à l&rsquo;aide d&rsquo;une cuillère à soupe et la disposer sur les feuilles de salade. Garnir de pousses, de graines et de fleurs. Servir le pain grillé séparément.</li></ol>

<p>Ingrédients pour 4 personnes 4 cœurs de laitue 8 fleurs de vinaigrette 2 cuillères à soupe de vinaigre balsamique Sel de mer aux herbes poivre fraîchement moulu 2 cs d&rsquo;huile de pépins de courge Pousses Graines de courge, grillées à sec Graines de tournesol, grillées à sec Mousse au schabziger 200 g de « Glarner Grüessli » [&hellip;]</p>

<!-- This site is optimized with the Yoast SEO plugin v27.5 - https://yoast.com/product/yoast-seo-wordpress/ -->
<title>Salade verte avec &quot;Grüessli mousse - Schabziger</title>
<meta name="robots" content="index, follow, max-snippet:-1, max-image-preview:large, max-video-preview:-1" />
<link rel="canonical" href="https://schabziger.ch/fr/recipe/salade-verte-avec-gruessli-mousse/" />
<meta property="og:locale" content="fr_FR" />
<meta property="og:type" content="article" />
<meta property="og:title" content="Salade verte avec &quot;Grüessli mousse - Schabziger" />
<meta property="og:description" content="Ingrédients pour 4 personnes 4 cœurs de laitue 8 fleurs de vinaigrette 2 cuillères à soupe de vinaigre balsamique Sel de mer aux herbes poivre fraîchement moulu 2 cs d&rsquo;huile de pépins de courge Pousses Graines de courge, grillées à sec Graines de tournesol, grillées à sec Mousse au schabziger 200 g de « Glarner Grüessli » [&hellip;]" />
<meta property="og:url" content="https://schabziger.ch/fr/recipe/salade-verte-avec-gruessli-mousse/" />
<meta property="og:site_name" content="Schabziger" />
<meta property="article:modified_time" content="2022-06-23T11:08:13+00:00" />
<meta property="og:image" content="https://schabziger.ch/wp-content/uploads/2022/05/blattsalat-gruessli-mousse.jpg" />
	<meta property="og:image:width" content="800" />
	<meta property="og:image:height" content="900" />
	<meta property="og:image:type" content="image/jpeg" />
<meta name="twitter:card" content="summary_large_image" />
<meta name="twitter:label1" content="Durée de lecture estimée" />
	<meta name="twitter:data1" content="1 minute" />
<script type="application/ld+json" class="yoast-schema-graph">{"@context":"https:\/\/schema.org","@graph":[{"@type":"WebPage","@id":"https:\/\/schabziger.ch\/fr\/recipe\/salade-verte-avec-gruessli-mousse\/","url":"https:\/\/schabziger.ch\/fr\/recipe\/salade-verte-avec-gruessli-mousse\/","name":"Salade verte avec \"Grüessli mousse - Schabziger","isPartOf":{"@id":"https:\/\/schabziger.ch\/fr\/#website"},"primaryImageOfPage":{"@id":"https:\/\/schabziger.ch\/fr\/recipe\/salade-verte-avec-gruessli-mousse\/#primaryimage"},"image":{"@id":"https:\/\/schabziger.ch\/fr\/recipe\/salade-verte-avec-gruessli-mousse\/#primaryimage"},"thumbnailUrl":"https:\/\/schabziger.ch\/wp-content\/uploads\/2022\/05\/blattsalat-gruessli-mousse.jpg","datePublished":"2022-05-10T09:51:04+00:00","dateModified":"2022-06-23T11:08:13+00:00","breadcrumb":{"@id":"https:\/\/schabziger.ch\/fr\/recipe\/salade-verte-avec-gruessli-mousse\/#breadcrumb"},"inLanguage":"fr-FR","potentialAction":[{"@type":"ReadAction","target":["https:\/\/schabziger.ch\/fr\/recipe\/salade-verte-avec-gruessli-mousse\/"]}]},{"@type":"ImageObject","inLanguage":"fr-FR","@id":"https:\/\/schabziger.ch\/fr\/recipe\/salade-verte-avec-gruessli-mousse\/#primaryimage","url":"https:\/\/schabziger.ch\/wp-content\/uploads\/2022\/05\/blattsalat-gruessli-mousse.jpg","contentUrl":"https:\/\/schabziger.ch\/wp-content\/uploads\/2022\/05\/blattsalat-gruessli-mousse.jpg","width":800,"height":900},{"@type":"BreadcrumbList","@id":"https:\/\/schabziger.ch\/fr\/recipe\/salade-verte-avec-gruessli-mousse\/#breadcrumb","itemListElement":[{"@type":"ListItem","position":1,"name":"Startseite","item":"https:\/\/schabziger.ch\/fr\/"},{"@type":"ListItem","position":2,"name":"Rezept","item":"https:\/\/schabziger.ch\/fr\/recipe\/"},{"@type":"ListItem","position":3,"name":"Salade verte avec « Grüessli mousse"}]},{"@type":"WebSite","@id":"https:\/\/schabziger.ch\/fr\/#website","url":"https:\/\/schabziger.ch\/fr\/","name":"Schabziger","description":"Uurwürzig guet","potentialAction":[{"@type":"SearchAction","target":{"@type":"EntryPoint","urlTemplate":"https:\/\/schabziger.ch\/fr\/?s={search_term_string}"},"query-input":{"@type":"PropertyValueSpecification","valueRequired":true,"valueName":"search_term_string"}}],"inLanguage":"fr-FR"}]}</script>
<!-- / Yoast SEO plugin. -->

Salade verte avec "Grüessli mousse - Schabziger

Ingrédients pour 4 personnes 4 cœurs de laitue 8 fleurs de vinaigrette 2 cuillères à soupe de vinaigre balsamique Sel de mer aux herbes poivre fraîchement moulu 2 cs d&rsquo;huile de pépins de courge Pousses Graines de courge, grillées à sec Graines de tournesol, grillées à sec Mousse au schabziger 200 g de « Glarner Grüessli » [&hellip;]

Uurwürzig guet
